inder when 402867 is divided by 1083.
1074
What is the remainder when 154730 is divided by 11052?
2
What is the remainder when 22226 is divided by 10?
6
What is the remainder when 108118 is divided by 68?
66
What is the remainder when 4486 is divided by 4361?
125
Calculate the remainder when 1299 is divided by 207.
57
Calculate the remainder when 23100 is divided by 4309.
1555
Calculate the remainder when 719 is divided by 10.
9
Calculate the remainder when 549198 is divided by 22.
12
What is the remainder when 21823 is divided by 1234?
845
What is the remainder when 2599471 is divided by 87?
85
What is the remainder when 5658 is divided by 5633?
25
Calculate the remainder when 3795 is divided by 363.
165
What is the remainder when 924070 is divided by 278?
276
Calculate the remainder when 18291 is divided by 32.
19
Calculate the remainder when 453238 is divided by 21.
16
Calculate the remainder when 3355 is divided by 33.
22
Calculate the remainder when 41206 is divided by 202.
200
What is the remainder when 66155 is divided by 96?
11
Calculate the remainder when 2902553 is divided by 342.
341
Calculate the remainder when 2295 is divided by 213.
165
Calculate the remainder when 14738 is divided by 113.
48
Calculate the remainder when 18586 is divided by 4.
2
What is the remainder when 2248 is divided by 130?
38
Calculate the remainder when 1090 is divided by 315.
145
Calculate the remainder when 11913 is divided by 277.
2
What is the remainder when 8950 is divided by 290?
250
Calculate the remainder when 45331 is divided by 23.
21
Calculate the remainder when 15880 is divided by 7921.
38
Calculate the remainder when 99057 is divided by 79.
70
What is the remainder when 678137 is divided by 1471?
6
Calculate the remainder when 9446007 is divided by 1302.
1299
Calculate the remainder when 171744 is divided by 25.
19
What is the remainder when 3801 is divided by 3639?
162
What is the remainder when 5601 is divided by 6?
3
Calculate the remainder when 2782 is divided by 12.
10
What is the remainder when 37665 is divided by 292?
289
What is the remainder when 11916 is divided by 67?
57
Calculate the remainder when 847 is divided by 263.
58
Calculate the remainder when 87109 is divided by 131.
125
Calculate the remainder when 120214 is divided by 31.
27
Calculate the remainder when 42667 is divided by 21284.
99
What is the remainder when 241 is divided by 32?
17
Calculate the remainder when 11049 is divided by 325.
324
Calculate the remainder when 2898 is divided by 161.
0
What is the remainder when 21535 is divided by 10767?
1
What is the remainder when 4172313 is divided by 16?
9
Calculate the remainder when 1207 is divided by 29.
18
What is the remainder when 4450 is divided by 401?
39
Calculate the remainder when 45919 is divided by 164.
163
Calculate the remainder when 334631 is divided by 110.
11
Calculate the remainder when 336562 is divided by 2493.
7
Calculate the remainder when 156486 is divided by 3329.
23
What is the remainder when 17232 is divided by 67?
13
What is the remainder when 693050 is divided by 417?
413
What is the remainder when 2207124 is divided by 125?
124
Calculate the remainder when 14393 is divided by 96.
89
What is the remainder when 37823 is divided by 46?
11
What is the remainder when 13913 is divided by 176?
9
What is the remainder when 2791 is divided by 28?
19
Calculate the remainder when 57207 is divided by 585.
462
Calculate the remainder when 2475 is divided by 70.
25
Calculate the remainder when 297663 is divided by 99206.
45
Calculate the remainder when 19166 is divided by 9578.
10
Calculate the remainder when 761094 is divided by 19515.
9
What is the remainder when 1568 is divided by 234?
164
Calculate the remainder when 793 is divided by 50.
43
Calculate the remainder when 236993 is divided by 65.
3
Calculate the remainder when 13256 is divided by 442.
438
What is the remainder when 1167404 is divided by 485?
9
Calculate the remainder when 69091 is divided by 71.
8
Calculate the remainder when 90439 is divided by 95.
94
What is the remainder when 702214 is divided by 31?
2
Calculate the remainder when 4487 is divided by 1112.
39
Calculate the remainder when 89036 is divided by 30.
26
What is the remainder when 99601 is divided by 26?
21
Calculate the remainder when 12317 is divided by 42.
11
Calculate the remainder when 500826 is divided by 333.
327
What is the remainder when 12247 is divided by 372?
343
Calculate the remainder when 102035 is divided by 179.
5
What is the remainder when 75215 is divided by 13?
10
Calculate the remainder when 137391 is divided by 62.
61
Calculate the remainder when 65646 is divided by 429.
9
Calculate the remainder when 23521 is divided by 2.
1
Calculate the remainder when 9757 is divided by 18.
1
Calculate the remainder when 10928 is divided by 3636.
20
What is the remainder when 53707 is divided by 7658?
101
Calculate the remainder when 500 is divided by 492.
8
What is the remainder when 5480 is divided by 1430?
1190
Calculate the remainder when 13625 is divided by 77.
73
What is the remainder when 204513 is divided by 247?
244
What is the remainder when 1632 is divided by 37?
4
What is the remainder when 12127 is divided by 578?
567
What is the remainder when 32347 is divided by 40?
27
What is the remainder when 1295 is divided by 327?
314
What is the remainder when 695 is divided by 85?
15
Calculate the remainder when 147979 is divided by 14.
13
Calculate the remainder when 117 is divided by 31.
24
Calculate the remainder when 32285 is divided by 130.
45
What is the remainder when 3903148 is divided by 50?
48
Calculate the remainder when 862750 is divided by 88.
86
Calculate the remainder when 852276 is divided by 27.
21
Calculate the remainder when 944283 is divided by 1528.
1507
Calculate the remainder when 327076 is divided by 308.
288
What is the remainder when 63344 is divided by 265?
9
What is the remainder when 133 is divided by 5?
3
Calculate the remainder when 24575 is divided by 683.
670
What is the remainder when 10399 is divided by 28?
11
Calculate the remainder when 70136 is divided by 247.
235
Calculate the remainder when 12784 is divided by 4258.
10
Calculate the remainder when 598802 is divided by 27217.
28
Calculate the remainder when 35146 is divided by 17570.
6
Calculate the remainder when 10497 is divided by 175.
172
What is the remainder when 542 is divided by 29?
20
Calculate the remainder when 935 is divided by 173.
70
Calculate the remainder when 139404 is divided by 680.
4
Calculate the remainder when 2028 is divided by 199.
38
What is the remainder when 4246562 is divided by 148?
146
Calculate the remainder when 20484 is divided by 54.
18
What is the remainder when 9551121 is divided by 9?
6
What is the remainder when 11008 is divided by 1372?
32
What is the remainder when 25000 is divided by 417?
397
What is the remainder when 34879 is divided by 8719?
3
What is the remainder when 92629 is divided by 347?
327
What is the remainder when 8600 is divided by 61?
60
What is the remainder when 2378 is divided by 50?
28
Calculate the remainder when 97226 is divided by 92.
74
Calculate the remainder when 25664 is divided by 8528.
80
Calculate the remainder when 8255 is divided by 2009.
219
What is the remainder when 7845 is divided by 71?
35
What is the remainder when 43129 is divided by 33?
31
Calculate the remainder when 703 is divided by 319.
65
What is the remainder when 683 is divided by 307?
69
Calculate the remainder when 1841 is divided by 257.
42
Calculate the remainder when 3344 is divided by 282.
242
What is the remainder when 10638 is divided by 3128?
1254
Calculate the remainder when 4680 is divided by 2117.
446
Calculate the remainder when 12843 is divided by 2137.
21
What is the remainder when 4580 is divided by 202?
136
What is the remainder when 1630 is divided by 1041?
589
What is the remainder when 7263 is divided by 3380?
503
What is the remainder when 24753 is divided by 6?
3
Calculate the remainder when 44818 is divided by 73.
69
What is the remainder when 1738997 is divided by 370?
367
Calculate the remainder when 394223 is divided by 11946.
5
What is the remainder when 2210 is divided by 452?
402
Calculate the remainder wh